- t + 1. Let w(p) = -4*m(p) + 5*y(p). Let g be w(-3). Let l(k) = -k**2 + 6 - 10*k + g*k + 0*k**2 + 2*k**2. Give l(5).
-4
Let o(v) = 2*v**3 - v**2 + 2 - 1 + v**3. Let w be 1/1*(-2)/(-2). Calculate o(w).
3
Let k(s) = s + 18. Let c be 0 - (0/(-3 - -2))/2. What is k(c)?
18
Suppose f - l = -3 - 2, 4*f + 4*l + 12 = 0. Let p(a) = -a. Let s be p(f). Let n(o) = o - s*o - 4*o**2 - 1 + o. Give n(-1).
-3
Let n(w) be the third derivative of 1/30*w**6 + 0*w**3 + 1/60*w**5 - w**2 + 0*w**4 + 0*w + 0. What is n(1)?
5
Let d be 3*(0 - (-2)/(-2)). Let w(q) be the second derivative of q + 1/2*q**2 + 1/12*q**4 + 0*q**3 + 0. Give w(d).
10
Let s = 11 - 9. Suppose -3*c - s*m + 14 = -0*m, -3*m + 18 = 3*c. Let x(r) be the second derivative of -r**3/6 + r**2/2 + r. Give x(c).
-1
Suppose 4*d - 4*p - 2 = p, 4*p - 5 = d. Let w be ((-3 - -3)/d)/(-2). Let z(u) = -u**2 - u - 6. What is z(w)?
-6
Let w = 12 + -9. Let y(u) = 4*u**3 + 3*u - u + 1 - 2*u**w. Suppose 3*q - 3 = 3*s + 2*q, 5*s + 5 = 5*q. Calculate y(s).
-3
Let d(j) be the first derivative of -j**6/120 - j**5/30 - j**4/12 + 3*j**2/2 + 4. Let a(t) be the second derivative of d(t). Give a(-2).
4
Let m(j) = -5 + 4 + 3*j - 1 + 1. Calculate m(5).
14
Suppose 3*l = -4*k - 14, 3*l - 7*k = -3*k + 2. Let c(p) = p**3 + 5*p**2 + 2*p + 1. What is c(l)?
9
Let m(j) = -1 - 3 + 1 + j - 1. What is m(-7)?
-11
Let b(y) = -8 + 8*y**2 + 9 - 2*y - 13 + y**3. Determine b(-8).
4
Suppose m + 2*j - 7 = 6*m, m = j - 2. Let k(z) = -9*z**2 - z - 1. Determine k(m).
-9
Let n(a) be the third derivative of 5/6*a**3 + 0*a + 0 + 1/24*a**4 - 3*a**2. What is n(-4)?
1
Let t(m) = 2*m**2 + 4*m - 3. Let f be (-8)/20*-5*(-4)/2. What is t(f)?
13
Let p be -1 - (6 + -3)*-1. Let q(k) = k**3 + 2*k**2 - 3*k + 1. Determine q(p).
11
Let y(p) be the second derivative of 0 - 2*p**2 + 1/12*p**4 + p - 5/6*p**3. What is y(4)?
-8
Let f(g) = g**2 - 5*g - 1. Suppose l - 3*m = -7, 3*l - 25 - 10 = -5*m. What is f(l)?
-1
Let l = 2 + 0. Let w(h) = -l + 3 - 4*h + 0. Let g(r) = r**3 + 12*r**2 - 1. Let q be g(-12). Determine w(q).
5
Let t(x) = -x + 4. Let i = 15 - 9. Let o be (-6)/(-9) + (-16)/i. Let n be (0 + -2)/(o/5). Give t(n).
-1
Let g(v) = v**2 - 12*v + 12. Let j be g(12). Suppose -8*y + 4*y = -j. Let m(w) = -w**3 + 3*w**2 + w. What is m(y)?
3
Let o be 2/4*0/1. Let u(f) = -f + 0*f - 4*f**2 + 4*f**2 + 1 - f**3. What is u(o)?
1
Let b(y) = -y**2 - 5*y - 1. Let z be b(-4). Suppose z*t + 11 = -4. Let d(l) = l**2 + 1 + 4*l - 5 - 1. Calculate d(t).
0
Let r(m) = m**2 - m - 2. Suppose 0 = -2*k - 0 + 12. Let q(f) = -3*f - f**3 - f - k*f**2 + 0*f**3 - f. Let y be q(-5). Calculate r(y).
-2
Let v(t) be the third derivative of t**5/12 + t**4/3 + 7*t**3/6 + 7*t**2. Let s(z) = -z**2. Let a(h) = 4*s(h) + v(h). What is a(-5)?
-8
Let d = -1 - 6. Let h(u) = u**3 + 11*u**2 - 8*u - 8. Let y(a) = -a**2 + 1. Let g(j) = -h(j) - 5*y(j). Give g(d).
-4
Let m(b) = 2*b**3 - 2*b**2. Suppose 5*u + 17 = -4*v, -11 = 4*u + 9. What is m(v)?
8
Suppose -f = -3*f. Suppose -1 = -b - f. Let k be 0*b/(-2) + 3. Let m(h) = -h**3 + 2*h**2 + 3*h - 3. What is m(k)?
-3
Let p = -10 - -10. Let i(d) = -d - 2. What is i(p)?
-2
Let u(q) = -q**3 + 17*q**2 - 31*q + 18. Let j be u(15). Let d(m) = m**3 - 4*m**2 + 3*m - 2. Calculate d(j).
-2
Suppose -2*w = 3*a + 25, 0*w + 17 = -a - 5*w. Let d(k) = k**3 + 8*k**2 + 5*k - 9. Let o be d(a). Let q(n) be the third derivative of n**4/24 - n**2. Give q(o).
5
Let f(a) = 2*a + 1. Let w = -161 - -159. Determine f(w).
-3
Let f(b) = -2*b. Suppose -4*i + 16 = -8*i. Let t = -14 - i. Let d = 7 + t. Calculate f(d).
6
Let k(j) = -j**2 + j + 9. Let m = -7 + 6. Let u be -1 + -2 - (m - 2). Calculate k(u).
9
Let w(l) be the second derivative of l**4/12 + 4*l**3/3 - 5*l**2/2 - 11*l. Give w(-4).
-21
Let n(u) = -3*u - 1 + 8*u**2 + 4*u - u**2. Suppose 0 = -2*w - w + 12. Suppose 5*r = w + 1. Give n(r).
7
Let f(y) = -2*y**2 + 13*y + 9. Let s(i) = i**2 - 6*i - 4. Let p(g) = 4*f(g) + 9*s(g). Let d(x) = x + 3. Let a be (1 + 0)*1 - 1. Let u be d(a). Calculate p(u).
3
Let q(w) = -4*w - w**2 + 488 - 489 + 10*w. Let n(r) = r**3 + 7*r**2 - r - 1. Let m be n(-7). Calculate q(m).
-1
Let f(t) = -8*t**3 - t**2 - 2*t - 1. Suppose 0 = -0*d - 3*d + 39. Let h = d + -14. Give f(h).
8
Let w(y) = y**3 + 6*y**2 + 8*y - 3. Let n be w(-4). Let h(d) = -5*d - 4*d**3 - 2 - d**3 + 2*d**3 + 4*d**3 + d**2. Calculate h(n).
-5
Let x(v) be the first derivative of v**3/3 - 7*v**2/2 + 4*v - 3. Determine x(6).
-2
Let a(y) = -y**2 + 5*y - 3. Let o be a(4). Let w(n) = n + o + 2*n - 5*n. Let c = -4 - -2. Calculate w(c).
5
Let t(h) = -h. Let i be t(-5). Suppose -3*n = -k - 2, 2*n - i*k = 5 + 5. Let y(x) = -x**2 - 3. What is y(n)?
-3
Suppose -b = l - 2, -b + 1 + 4 = -2*l. Let d(a) = 4*a**2 - a. Give d(l).
5
Suppose -8*a - 26 - 14 = 0. Let x = -7 - a. Let d(l) = l**2 + l - 2. Give d(x).
0
Let k(y) = 4*y + 3. Let f(o) = -7*o - 7. Let a(g) = -3*f(g) - 5*k(g). What is a(-5)?
1
Let x(w) = -2*w - 51. Let l(u) = -u - 25. Let o(y) = -9*l(y) + 4*x(y). What is o(0)?
21
Let h(t) = t**3 + t**2 + 3. Let u be (-6)/9 + (-6)/(-9). What is h(u)?
3
Suppose -3*a = 13 + 5. Let w(v) = -v**3 - 6*v**2 + 8. What is w(a)?
8
Let z be ((-24)/(-10))/(6/20). Let i(y) be the second derivative of y**3/2 + y**2 - 5*y. Let v(n) = 9*n + 6. Let k(f) = z*i(f) - 3*v(f). What is k(2)?
-8
Suppose 11 = -5*h + 2*w - 2, 0 = 2*h + 3*w + 9. Let k(b) = b**3 + 2*b**2 - 5*b - 2. Determine k(h).
4
Let o be (2/6)/(2/(-18)). Let v(b) be the second derivative of 3/2*b**2 + 0 - 2*b + 1/6*b**3. Calculate v(o).
0
Let n(l) = -2 - l**2 + 13*l**2 - 14*l**2 + l. Give n(2).
-8
Let i(b) be the first derivative of b**3/3 + 3*b**2/2 - 2*b - 1. Let z = -19 - -14. Determine i(z).
8
Let u(p) = -9*p**2 - p + 5. Let x(j) = -4*j**2 - j + 2. Let a(z) = -3*u(z) + 7*x(z). Determine a(-3).
2
Let q(m) be the second derivative of m**4/12 + 2*m**3/3 + 3*m**2/2 - 2*m. Let r be (4/(-2))/(3/3). What is q(r)?
-1
Let y(h) = h**2 + h - 1. Let k(d) = -2*d**2 - 6*d + 3. Let b(a) = k(a) + 3*y(a). Determine b(3).
0
Let n(b) = -2*b + 101 - 6*b - 102. Determine n(-1).
7
Let y = 27 + 1. Suppose -4*j - 12 = -y. Let o(l) = -j + 0*l - l + 2*l. Calculate o(0).
-4
Let l(q) be the first derivative of -q**4/4 - 14*q + 36. Calculate l(0).
-14
Suppose 19*p - 14*p - 20 = 0. Let v(u) = -3*u + 5 + 0*u + 2. Let c(y) = -1. Let t(b) = -6*c(b) - v(b). Determine t(p).
11
Let v(q) be the second derivative of q**5/20 + 2*q**4/3 + 4*q**3/3 - 5*q**2/2 - 18*q. What is v(-7)?
-12
Let m(g) be the first derivative of -g**3/3 - 5*g**2/2 - 4*g + 1. What is m(-3)?
2
Suppose 0*h - 3*h + 18 = 0. Suppose -2*y = -h*y. Let o(f) = 4 + y - 5 + 2*f + 0. Determine o(-1).
-3
Let j = -4 + 3. Let l(z) = -11*z - 1. Give l(j).
10
Let u(z) = z. Let q(n) = n**2 + 4*n + 7. Let f(t) = -q(t) + 4*u(t). Suppose -3*d + 9 = 5*o, o = -0*o - 3*d + 9. Suppose o = 2*h + 2*h. Calculate f(h).
-7
Let s(y) be the third derivative of 7*y**5/60 - y**4/8 + 2*y**3/3 + 3*y**2. Let b(q) = -q**2 + q - 1. Let l(v) = -3*b(v) - s(v). Determine l(1).
-5
Let v(i) = -2*i + 2. Let u = 6 + -3. Suppose u*z - 1 = 4*r + 7, -4*r = 8. Suppose -y + 4*c + c + 10 = 0, -4*y - 2*c + 18 = z. What is v(y)?
-8
Let y be ((-8)/6)/(2/(-6)). Let q(c) be the second derivative of c**4/12 - 7*c**3/6 + 3*c**2 + 12*c. What is q(y)?
-6
Let d(m) = 5 + 103*m**2 - 104*m**2 - 6*m + 1. Calculate d(-6).
6
Let n(t) = 2*t + 3. Suppose -w = -0*w, 5*d + 4*w - 50 = 0. Let q = d - 7. Suppose 4*m = q*m + 2*x - 12, -3*m + x = 11. Calculate n(m).
-1
Let q(a) = -11*a**2 - 7. Let z = 9 + -8. Let w(g) = -6 + 0 - 3*g**2 - 4*g**2 + z. Let b(r) = 5*q(r) - 7*w(r). Determine b(-1).
-6
Let c = 11 - 15. Let a(x) = -15*x - 30. Let d(p) = -3*p - 6. Let r(k) = c*a(k) + 21*d(k). Give r(-4).
6
Let r(w) = 5*w**3 + w**2 - 2*w + 1. Let s(i) = -i**2 + 3*i + 3. Let j be s(3). Suppose -p + 2 = 4*m, -j*m - p = -2*p - 5. What is r(m)?
5
Let o(d) = 11*d - 28. Let i(c) = 5*c - 14. Let x(g) = -13*i(g) + 6*o(g). What is x(-6)?
8
Let d(n) be the third derivative of -n**4/12 + n**3 - n**2. Give d(-5).
16
Suppose -3*i = 4*z + 69, 0 = 2*i - 0*z - 2*z + 32. Let t = 20 + i. Let w(y) = -6*y**3 + 2*y**2 - 1. Calculate w(t).
-5
Let r be (-6)/27 - 4/(-18). Let c(a) = 13 + 0*a**3 - 6*a**2 + r - 8 + a**3 - 8*a. What is c(7)?
-2
Let q(y) = y**2 - 2*y + 2. Suppose r - 3 + 1 = 0. Let